
What is -78 (base 15) in base 9?
-135
6 (base 7) to base 8
6
What is 1 (base 6) in base 15?
1
-7 (base 10) to base 9
-7
Convert -2 (base 15) to base 8.
-2
Convert -35 (base 8) to base 12.
-25
-29 (base 14) to base 9
-41
Convert c (base 14) to base 16.
c
What is 8 (base 10) in base 13?
8
145 (base 7) to base 15
57
What is -2 (base 12) in base 3?
-2
-132 (base 6) to base 13
-44
What is 0 (base 5) in base 12?
0
Convert -236 (base 7) to base 6.
-325
Convert 1a (base 12) to base 5.
42
What is -b (base 16) in base 10?
-11
-2 (base 6) to base 12
-2
43 (base 15) to base 9
70
Convert 2 (base 9) to base 14.
2
Convert -33 (base 7) to base 13.
-1b
What is -7 (base 12) in base 5?
-12
Convert -a (base 12) to base 16.
-a
What is -3 (base 14) in base 16?
-3
What is -201 (base 5) in base 13?
-3c
9 (base 14) to base 5
14
Convert -1 (base 2) to base 3.
-1
-1 (base 12) to base 15
-1
Convert -11 (base 6) to base 5.
-12
What is 7 (base 15) in base 16?
7
What is 0 (base 15) in base 2?
0
Convert 0 (base 12) to base 3.
0
What is 101 (base 2) in base 3?
12
Convert 150 (base 10) to base 12.
106
What is 2 (base 5) in base 16?
2
Convert -3 (base 8) to base 12.
-3
Convert 2 (base 5) to base 9.
2
-32 (base 4) to base 13
-11
1 (base 13) to base 9
1
What is 143 (base 5) in base 6?
120
-4 (base 12) to base 9
-4
What is -6 (base 15) in base 14?
-6
Convert 5 (base 16) to base 11.
5
-57 (base 8) to base 13
-38
What is -42 (base 13) in base 11?
-4a
-2 (base 11) to base 12
-2
-4 (base 14) to base 10
-4
0 (base 9) to base 2
0
1011 (base 3) to base 8
37
-1a (base 13) to base 3
-212
Convert -3 (base 16) to base 13.
-3
1 (base 15) to base 7
1
-1 (base 5) to base 2
-1
What is -25 (base 9) in base 14?
-19
What is 4 (base 8) in base 7?
4
What is -5 (base 6) in base 13?
-5
What is 10110110 (base 2) in base 7?
350
Convert 104 (base 5) to base 13.
23
-2 (base 13) to base 12
-2
Convert 2 (base 7) to base 5.
2
-11 (base 16) to base 2
-10001
Convert 1 (base 5) to base 12.
1
Convert 37 (base 13) to base 11.
42
-205 (base 9) to base 14
-bd
What is 303 (base 6) in base 10?
111
What is 3 (base 5) in base 15?
3
What is 101 (base 2) in base 14?
5
What is 1 (base 14) in base 6?
1
Convert -11 (base 14) to base 10.
-15
Convert -1c (base 13) to base 2.
-11001
-4 (base 14) to base 13
-4
What is -1 (base 13) in base 15?
-1
Convert -18 (base 10) to base 6.
-30
What is -4e (base 16) in base 12?
-66
-4 (base 15) to base 4
-10
What is 21 (base 10) in base 4?
111
Convert 51 (base 9) to base 3.
1201
What is -1 (base 9) in base 3?
-1
What is 311 (base 4) in base 8?
65
Convert -2 (base 13) to base 14.
-2
-12 (base 5) to base 12
-7
Convert -304 (base 5) to base 15.
-54
What is 12 (base 15) in base 16?
11
Convert 2 (base 7) to base 12.
2
-3 (base 8) to base 5
-3
1 (base 14) to base 4
1
Convert 1 (base 16) to base 4.
1
100 (base 5) to base 11
23
Convert -225 (base 6) to base 16.
-59
Convert -9 (base 16) to base 3.
-100
What is -2 (base 5) in base 11?
-2
100 (base 2) to base 6
4
What is 22 (base 14) in base 8?
36
What is -1 (base 14) in base 16?
-1
What is -3 (base 10) in base 3?
-10
4 (base 8) to base 16
4
What is -22211 (base 3) in base 6?
-1034
Convert 21122 (base 3) to base 4.
3032
What is 5 (base 7) in base 8?
5
11 (base 5) to base 12
6
Convert 270 (base 8) to base 3.
20211
279 (base 12) to base 8
575
What is 1200 (base 3) in base 9?
50
Convert -2 (base 14) to base 5.
-2
What is -215 (base 7) in base 16?
-6e
6 (base 9) to base 7
6
10011 (base 2) to base 5
34
What is -212 (base 6) in base 9?
-88
Convert 68 (base 16) to base 12.
88
Convert -3 (base 16) to base 7.
-3
What is -2 (base 13) in base 8?
-2
4 (base 10) to base 11
4
3 (base 13) to base 5
3
Convert 111 (base 11) to base 15.
8d
Convert 10 (base 5) to base 7.
5
402 (base 7) to base 5
1243
-1 (base 2) to base 10
-1
0 (base 10) to base 14
0
Convert -2 (base 14) to base 9.
-2
Convert a (base 11) to base 16.
a
Convert 3 (base 8) to base 10.
3
What is -2 (base 7) in base 12?
-2
Convert 1 (base 3) to base 13.
1
-16 (base 7) to base 3
-111
-366 (base 7) to base 6
-523
What is 23 (base 6) in base 13?
12
Convert 14 (base 10) to base 2.
1110
What is -4 (base 11) in base 8?
-4
-13d (base 15) to base 11
-238
Convert 171 (base 8) to base 5.
441
Convert -2 (base 16) to base 14.
-2
What is -101 (base 13) in base 3?
-20022
Convert -133 (base 11) to base 3.
-12211
Convert 7 (base 9) to base 6.
11
What is 3 (base 11) in base 4?
3
-2d (base 16) to base 15
-30
What is -11 (base 3) in base 10?
-4
What is 1110 (base 3) in base 9?
43
0 (base 8) to base 2
0
-2 (base 10) to base 7
-2
What is -26 (base 9) in base 7?
-33
What is -20 (base 3) in base 16?
-6
Convert 3 (base 5) to base 8.
3
What is -10 (base 8) in base 10?
-8
Convert 1 (base 5) to base 8.
1
-16 (base 13) to base 12
-17
-10 (base 2) to base 9
-2
-d (base 15) to base 3
-111
-1 (base 6) to base 14
-1
Convert -1 (base 9) to base 14.
-1
2 (base 9) to base 4
2
Convert -2 (base 7) to base 5.
-2
Convert -4 (base 14) to base 12.
-4
What is 10 (base 7) in base 2?
111
Convert 45 (base 13) to base 2.
111001
What is 0 (base 16) in base 11?
0
-1 (base 10) to base 6
-1
-2 (base 15) to base 9
-2
What is 2 (base 9) in base 7?
2
-1 (base 15) to base 12
-1
-40 (base 6) to base 10
-24
-20 (base 4) to base 10
-8
6 (base 10) to base 3
20
Convert -2 (base 7) to base 16.
-2
-25 (base 6) to base 15
-12
Convert -b (base 14) to base 3.
-102
Convert -4 (base 8) to base 5.
-4
Convert -29 (base 11) to base 16.
-1f
Convert -240 (base 6) to base 2.
-1100000
What is -a4 (base 11) in base 3?
-11020
Convert 1030 (base 4) to base 12.
64
Convert -1 (base 4) to base 11.
-1
Convert 3 (base 13) to base 8.
3
151 (base 11) to base 12
129
What is -110111 (base 2) in base 10?
-55
Convert -10011 (base 2) to base 10.
-19
Convert -100 (base 2) to base 16.
-4
14 (base 9) to base 11
12
What is 111 (base 2) in base 7?
10
Convert 6 (base 13) to base 12.
6
What is -d (base 14) in base 16?
-d
What is -5 (base 10) in base 4?
-11
1 (base 11) to base 13
1
What is -8 (base 12) in base 15?
-8
30 (base 4) to base 12
10
Convert -5 (base 11) to base 2.
-101
What is 19 (base 12) in base 10?
21
Convert -11 (base 4) to base 7.
-5
-95 (base 13) to base 11
-101
What is -10 (base 4) in base 11?
-4
1 (base 7) to base 4
1
What is 3 (base 6) in base 15?
3
1a (base 15) to base 11
23
What is -13 (base 6) in base 13?
-9
21 (base 11) to base 9
25
Convert -1010 (base 2) to base 6.
-14
-24 (base 11) to base 14
-1c
What is 0 (base 3) in base 16?
0
What is 3 (base 6) in base 2?
11
c (base 14) to base 7
15
-3 (base 12) to base 13
-3
-a1 (base 15) to base 12
-107
-5 (base 13) to base 7
-5
What is 201 (base 4) in base 6?
53
303 (base 6) to base 7
216
-203 (base 7) to base 13
-7a
What is -2 (base 7) in base 16?
-2
What is -21 (base 7) in base 15?
-10
What is -21 (base 13) in base 3?
-1000
What is -4 (base 11) in base 3?
-11
Convert 178 (base 14) to base 11.
255
Convert 123 (base 11) to base 4.
2102
5 (base 7) to base 4
11
What is 1102 (base 3) in base 8?
46
3 (base 6) to base 2
11
1 (base 7) to base 12
1
-123 (base 12) to base 14
-c3
Convert -35 (base 6) to base 10.
-23
What is 130 (base 4) in base 6?
44
Convert 2 (base 7) to base 9.
2
Convert 220 (base 7) to base 2.
1110000
Convert 108 (base 12) to base 10.
152
202 (base 7) to base 9
121
Convert 102 (base 3) to base 7.
14
-10 (base 5) to base 14
-5
0 (base 11) to base 13
0
What is -2 (base 5) in base 16?
-2
Convert 2 (base 10) to base 12.
2
-4 (base 16) to base 7
-4
-44 (base 7) to base 13
-26
What is 11001 (base 2) in base 12?
21
Convert -1 (base 7) to base 8.
-1
0 (base 10) to base 11
0
What is -35 (base 7) in base 8?
-32
What is 31 (base 5) in base 14?
12
What is -24 (base 5) in base 12?
-12
123 (base 4) to base 7
36
Convert -4 (base 5) to base 8.
-4
48 (base 10) to base 16
30
Convert -6 (base 10) to base 12.
-6
4 (base 8) to base 3
11
What is 3 (base 12) in base 9?
3
Convert -12 (base 4) to base 7.
-6
What is -23 (base 12) in base 8?
-33
-28 (base 11) to base 12
-26
Convert 10b (base 16) to base 11.
223
Convert -72 (base 8) to base 12.
-4a
Convert -2 (base 9) to base 7.
-2
-3 (base 7) to base 15
-3
What is -13 (base 12) in base 5?
-30
What is -22 (base 13) in base 14?
-20
What is -1 (base 8) in base 6?
-1
213 (base 6) to base 11
74
What is -